e hundreds digit of 7743783?
7
What is the tens digit of 378079?
7
What is the tens digit of 811?
1
What is the ten thousands digit of 15405024?
0
What is the tens digit of 1904878?
7
What is the hundreds digit of 870307?
3
What is the hundred thousands digit of 457572?
4
What is the ten thousands digit of 3489622?
8
What is the ten thousands digit of 9681262?
8
What is the units digit of 1659335?
5
What is the thousands digit of 208245?
8
What is the hundred thousands digit of 30749270?
7
What is the thousands digit of 656592?
6
What is the ten thousands digit of 2470769?
7
What is the hundred thousands digit of 8218308?
2
What is the units digit of 739352?
2
What is the millions digit of 2572929?
2
What is the ten thousands digit of 178103?
7
What is the ten millions digit of 24232852?
2
What is the thousands digit of 13067846?
7
What is the thousands digit of 2431804?
1
What is the millions digit of 6513634?
6
What is the ten thousands digit of 314850?
1
What is the ten thousands digit of 8031887?
3
What is the units digit of 90127?
7
What is the thousands digit of 150372?
0
What is the thousands digit of 795548?
5
What is the tens digit of 611183?
8
What is the hundreds digit of 1295658?
6
What is the thousands digit of 43861?
3
What is the hundred thousands digit of 1099950?
0
What is the ten thousands digit of 207679?
0
What is the hundreds digit of 124671?
6
What is the tens digit of 161832?
3
What is the hundreds digit of 704459?
4
What is the hundred thousands digit of 4177528?
1
What is the ten thousands digit of 730727?
3
What is the thousands digit of 391670?
1
What is the hundred thousands digit of 1250155?
2
What is the thousands digit of 1814175?
4
What is the ten thousands digit of 1053095?
5
What is the hundreds digit of 7309?
3
What is the millions digit of 4552955?
4
What is the tens digit of 3689904?
0
What is the units digit of 915139?
9
What is the thousands digit of 362994?
2
What is the units digit of 492518?
8
What is the thousands digit of 29385667?
5
What is the millions digit of 4842910?
4
What is the units digit of 890901?
1
What is the hundreds digit of 31972?
9
What is the tens digit of 333039?
3
What is the hundred thousands digit of 756602?
7
What is the millions digit of 3303853?
3
What is the millions digit of 27302546?
7
What is the tens digit of 271908?
0
What is the units digit of 1387883?
3
What is the ten thousands digit of 322877?
2
What is the thousands digit of 19641818?
1
What is the tens digit of 211757?
5
What is the ten millions digit of 11927014?
1
What is the thousands digit of 11863?
1
What is the hundreds digit of 9478163?
1
What is the ten thousands digit of 25703991?
0
What is the units digit of 387189?
9
What is the units digit of 4221215?
5
What is the thousands digit of 10586261?
6
What is the units digit of 133900?
0
What is the ten thousands digit of 4423111?
2
What is the tens digit of 70645?
4
What is the hundreds digit of 6780793?
7
What is the ten thousands digit of 536056?
3
What is the thousands digit of 243803?
3
What is the hundreds digit of 292492?
4
What is the tens digit of 315755?
5
What is the thousands digit of 32482418?
2
What is the millions digit of 17763910?
7
What is the hundreds digit of 1729046?
0
What is the tens digit of 849398?
9
What is the ten thousands digit of 17251461?
5
What is the millions digit of 16601701?
6
What is the thousands digit of 1878200?
8
What is the tens digit of 700822?
2
What is the hundreds digit of 320055?
0
What is the units digit of 2758004?
4
What is the thousands digit of 11778811?
8
What is the hundreds digit of 1478237?
2
What is the units digit of 122294?
4
What is the ten thousands digit of 193493?
9
What is the ten thousands digit of 21429237?
2
What is the ten thousands digit of 2644221?
4
What is the tens digit of 837027?
2
What is the hundreds digit of 882741?
7
What is the units digit of 2656717?
7
What is the hundred thousands digit of 274406?
2
What is the ten thousands digit of 715816?
1
What is the hundred thousands digit of 715518?
7
What is the hundreds digit of 6568978?
9
What is the thousands digit of 1399297?
9
What is the units digit of 213282?
2
What is the hundred thousands digit of 317791?
3
What is the hundred thousands digit of 246251?
2
What is the ten thousands digit of 1493715?
9
What is the tens digit of 98472?
7
What is the thousands digit of 6620306?
0
What is the thousands digit of 7899600?
9
What is the tens digit of 755253?
5
What is the units digit of 2086367?
7
What is the millions digit of 1215336?
1
What is the thousands digit of 3135009?
5
What is the ten thousands digit of 532255?
3
What is the ten thousands digit of 3187530?
8
What is the units digit of 23811275?
5
What is the millions digit of 11463544?
1
What is the units digit of 5803115?
5
What is the hundred thousands digit of 142118?
1
What is the ten thousands digit of 1082915?
8
What is the millions digit of 1803643?
1
What is the hundreds digit of 2728385?
3
What is the ten thousands digit of 829499?
2
What is the thousands digit of 15020769?
0
What is the thousands digit of 4910160?
0
What is the hundred thousands digit of 2362076?
3
What is the tens digit of 26041070?
7
What is the thousands digit of 7545410?
5
What is the tens digit of 300202?
0
What is the thousands digit of 1148175?
8
What is the hundred thousands digit of 19863766?
8
What is the units digit of 1956093?
3
What is the units digit of 319586?
6
What is the hundred thousands digit of 1046345?
0
What is the thousands digit of 1504039?
4
What is the thousands digit of 572888?
2
What is the tens digit of 2986035?
3
What is the thousands digit of 18748159?
8
What is the thousands digit of 818737?
8
What is the thousands digit of 1366900?
6
What is the units digit of 235879?
9
What is the hundred thousands digit of 374101?
3
What is the units digit of 153830?
0
What is the hundreds digit of 1175788?
7
What is the tens digit of 13549951?
5
What is the hundreds digit of 57707?
7
What is the ten thousands digit of 20438394?
3
What is the tens digit of 915346?
4
What is the ten thousands digit of 99008?
9
What is the units digit of 933076?
6
What is the hundreds digit of 4228340?
3
What is the ten thousands digit of 37369?
3
What is the hundreds digit of 28467148?
1
What is the millions digit of 3693886?
3
What is the units digit of 1561972?
2
What is the hundreds digit of 5025900?
9
What is the units digit of 157826?
6
What is the units digit of 379818?
8
What is the units digit of 258158?
8
What is the thousands digit of 130286?
0
What is the hundreds digit of 7735008?
0
What is the ten thousands digit of 2592345?
9
What is the hundreds digit of 957366?
3
What is the hundreds digit of 291732?
7
What is the thousands digit of 211681?
1
What is the millions digit of 13111356?
3
What is the units digit of 4713913?
3
What is the ten thousands digit of 3582129?
8
What is the hundreds digit of 1821815?
8
What is the ten thousands digit of 79767?
7
What is the tens digit of 1622005?
0
What is the hundred thousands digit of 3468589?
4
What is the millions digit of 30053234?
0
What is the tens digit of 1765379?
7
What is the hundred thousands digit of 9347554?
3
What is the hundred thousands digit of 4155667?
1
What is the ten thousands digit of 11172802?
7
What is the thousands digit of 1337540?
7
What is the hundreds digit of 6453414?
4
What is the ten thousands digit of 3105463?
0
What is the units digit of 651792?
2
What is the hundred thousands digit of 2298107?
2
What is the units digit of 619518?
8
What is the tens digit of 11175845?
4
What is the ten thousands digit of 7200591?
0
What is the ten thousands digit of 1939184?
3
What is the thousands digit of 6232263?
2
What is the hundreds digit of 1491283?
2
What is the hundreds digit of 609458?
4
What is the ten thousands digit of 4978279?
7
What is the hundreds digit of 388691?
6
What is the thousands digit of 337777?
7
What is the hundreds digit of 965926?
9
What is the tens digit of 622901?
0
What is the tens digit of 7784464?
6
What is the hundreds digit of 2423037?
0
What is the ten thousands digit of 432605?
3
What is the tens digit of 248024?
2
What is the thousands digit of 71551?
1
What is the units digit of 24754